n base 9, what is -13 + 1563?
1550
In base 13, what is 1b48 + 0?
1b48
In base 8, what is -6 + 16?
10
In base 12, what is 4 - -a4?
a8
In base 14, what is 14 + -c?
6
In base 12, what is 0 - 151?
-151
In base 2, what is 1011011011 + -10?
1011011001
In base 4, what is 13 + -103?
-30
In base 15, what is 3 - -46?
49
In base 13, what is 30 + -6?
27
In base 15, what is -b47 - 6?
-b4d
In base 2, what is 1010 + 110010?
111100
In base 15, what is 169 - 9?
160
In base 9, what is -281 + 4?
-276
In base 4, what is -10 - 23?
-33
In base 2, what is 11101 + 11?
100000
In base 4, what is -11 - 13022?
-13033
In base 2, what is -110110100 - 10?
-110110110
In base 10, what is -257 + 4?
-253
In base 13, what is 0 - -63?
63
In base 9, what is 127 - 1?
126
In base 8, what is 337 - -14?
353
In base 12, what is -3 - 144?
-147
In base 13, what is 4b - -10?
5b
In base 14, what is -3 - -236?
233
In base 2, what is 1001111 - 11011?
110100
In base 6, what is 4 + -153?
-145
In base 4, what is -110 - -232?
122
In base 3, what is 1100202 + -12?
1100120
In base 10, what is -603 + 18?
-585
In base 11, what is 2 + -8a?
-88
In base 11, what is -2 - 17?
-19
In base 10, what is -5 + 1874?
1869
In base 2, what is 100001 + -11001100?
-10101011
In base 3, what is -22 - -12?
-10
In base 13, what is 5 - -1ca?
202
In base 13, what is 8ba7 - 4?
8ba3
In base 11, what is 423 + -5?
419
In base 16, what is -5 - -1440?
143b
In base 16, what is 0 + 5d?
5d
In base 2, what is -1000101111110 + 101?
-1000101111001
In base 2, what is -110111 - -11011111?
10101000
In base 2, what is -100000 + -1000?
-101000
In base 15, what is -53 - -34?
-1e
In base 15, what is 81 + -2?
7e
In base 16, what is 1a + -7?
13
In base 13, what is -5 - -20?
18
In base 8, what is -142 + -3?
-145
In base 5, what is 204 - -1144?
1403
In base 2, what is -1110100 + -10001?
-10000101
In base 13, what is 12b + 1?
12c
In base 4, what is -1 - 231112?
-231113
In base 9, what is -10584 - -3?
-10581
In base 15, what is -201 - -3?
-1ed
In base 2, what is 100111101 - 10?
100111011
In base 7, what is -126 - -10?
-116
In base 9, what is 3 - -325?
328
In base 11, what is -154 - -2?
-152
In base 4, what is 10 - 210?
-200
In base 16, what is 21 + 4?
25
In base 7, what is 5 - 2464?
-2456
In base 10, what is 106 + -38?
68
In base 4, what is -32 + 1130?
1032
In base 9, what is -26 - -13?
-13
In base 16, what is e + -7?
7
In base 16, what is 0 - -303?
303
In base 12, what is 3 + 189?
190
In base 10, what is -15 - 78?
-93
In base 16, what is -1e9 + -8?
-1f1
In base 13, what is -5 - 357?
-35c
In base 2, what is -1101101 + 100?
-1101001
In base 11, what is 4 + -173?
-16a
In base 6, what is 10 - -1054?
1104
In base 15, what is -1 - 67?
-68
In base 2, what is 1001100 + 1?
1001101
In base 8, what is 3 + -640?
-635
In base 15, what is 62 - 1?
61
In base 14, what is -106 - -5?
-101
In base 10, what is 9 + 141?
150
In base 8, what is 344 - 4?
340
In base 13, what is -2279 - 3?
-227c
In base 10, what is 1 - -416?
417
In base 11, what is 4178 + 2?
417a
In base 9, what is 0 - 4121?
-4121
In base 9, what is 4 + -46?
-42
In base 16, what is -2 + -3?
-5
In base 8, what is 0 - -430?
430
In base 4, what is -1 - -130200?
130133
In base 10, what is -8 - 525?
-533
In base 16, what is 10 + 8?
18
In base 7, what is 1236 + -1?
1235
In base 7, what is -5 + 6030?
6022
In base 9, what is -18 - 258?
-277
In base 16, what is -5 - -2ab?
2a6
In base 2, what is 1101 + -10110?
-1001
In base 6, what is 0 - 5024?
-5024
In base 11, what is -93 + -2?
-95
In base 10, what is 5 - 12?
-7
In base 14, what is -c4 + -13?
-d7
In base 6, what is -3 - -25?
22
In base 7, what is 2 + -23203?
-23201
In base 11, what is 50 - -1a?
6a
In base 16, what is e + -8?
6
In base 12, what is -1774 + 4?
-1770
In base 11, what is 8143 - 2?
8141
In base 3, what is 100201 - 12?
100112
In base 8, what is 1 + -643?
-642
In base 3, what is -12 - 120200?
-120212
In base 4, what is -12 - 112?
-130
In base 16, what is 35 + -5?
30
In base 12, what is 75 + -37?
3a
In base 14, what is 3 - 61?
-5c
In base 4, what is 13 - -1003001?
1003020
In base 3, what is -12 - -10101?
10012
In base 12, what is -3 + 23?
20
In base 10, what is -2 - 57?
-59
In base 4, what is 2 - 2123?
-2121
In base 13, what is -81 - -24?
-5a
In base 14, what is -db2 + -2?
-db4
In base 16, what is 8 + 302?
30a
In base 6, what is 4 - -333?
341
In base 8, what is 314 + 20?
334
In base 8, what is 1 + -4576?
-4575
In base 4, what is -3123 - 121?
-3310
In base 13, what is 8 - 40?
-35
In base 11, what is 0 + 140?
140
In base 16, what is -39 + -7?
-40
In base 13, what is 38 + -2?
36
In base 11, what is 2 + -480?
-479
In base 9, what is 4 + -183?
-178
In base 11, what is -18a2 + 0?
-18a2
In base 15, what is -51 - -7d?
2c
In base 8, what is 12 + 5?
17
In base 6, what is -42 - 54?
-140
In base 11, what is -9 - -100?
a2
In base 10, what is 850 + -4?
846
In base 13, what is -20 + -5?
-25
In base 15, what is -2 + 7c?
7a
In base 4, what is 10001 + 333?
11000
In base 9, what is -263 - -5?
-257
In base 4, what is 13 + 121?
200
In base 7, what is -1043 - -5?
-1035
In base 13, what is -1 - a0?
-a1
In base 4, what is -100012 - 2?
-100020
In base 15, what is -220 + -1?
-221
In base 11, what is -1 - -177?
176
In base 7, what is 4 - -20?
24
In base 15, what is -21 - 3?
-24
In base 12, what is -6 + -772?
-778
In base 3, what is 220 - 2020?
-1100
In base 13, what is -31a - -3?
-317
In base 15, what is -2 + 127?
125
In base 5, what is 140 - 1?
134
In base 9, what is 25 + -1056?
-1031
In base 8, what is -43 - 33?
-76
In base 11, what is -4 - -581?
578
In base 16, what is -1c4 + 1?
-1c3
In base 3, what is -1001 + -121002?
-122010
In base 5, what is -10 - -4103?
4043
In base 6, what is -54541 + -2?
-54543
In base 8, what is 3 + 147?
152
In base 10, what is 720 + -9?
711
In base 10, what is 4 + 245?
249
In base 13, what is -120 - -13?
-10a
In base 16, what is 0 - -65?
65
In base 4, what is 1123 + -11?
1112
In base 13, what is 4 + -5?
-1
In base 3, what is 202102210 + 10?
202102220
In base 4, what is 3 - 233?
-230
In base 5, what is -10 + -242?
-302
In base 14, what is -15ac + 0?
-15ac
In base 8, what is -312 + 3?
-307
In base 2, what is 100000000000 - -10?
100000000010
In base 9, what is 441 - 5?
435
In base 8, what is 1043 + -22?
1021
In base 10, what is 143 + 0?
143
In base 2, what is 1100000 + -1100111?
-111
In base 10, what is 86 + 7?
93
In base 14, what is -2 + -7d8?
-7da
In base 16, what is -2 + 56?
54
In base 16, what is 454 + -3?
451
In base 10, what is -304 + -4?
-308
In base 6, what is 2505 + 4?
2513
In base 10, what is 220 - 12?
208
In base 4, what is 122 + 131?
313
In base 7, what is 5 - -10555?
10563
In base 4, what is 0 + 202101?
202101
In base 11, what is -21a6 - -5?
-21a1
In base 15, what is 4 + 294?
298
In base 9, what is -7 + 21?
13
In base 6, what is -1144 + -223?
-1411
In base 8, what is 2031 + 1?
2032
In base 7, what is 43 - -236?
312
In base 4, what is 10201 - -3?
10210
In base 11, what is -2 + -47?
-49
In base 16, what is -19 + 0?
-19
In base 6, what is -4 + -324?
-332
In base 7, what is -3336 - -1?
-3335
In base 15, what is 2d8d - -3?
2d91
In base 14, what is 3b + -20?
1b
In base 13, what is 35 - -2a?
62
In base 10, what is -429 + -12?
-441
In base 11, what is 697 - 3?
694
In base 10, what is 1 + 483?
484
In base 13, what is 15 - 22?
-a
In base 7, what is 1645 + -1?
1644
In base 12, what is 0 + -8a?
-8a
In base 15, what is -1 + b8?
b7
In base 14, what is 944 - 2?
942
In base 15, what is 86 + 2?
88
In base 10, what is -450 - 4?
-454
In base 4, what is 2110 + 300?
3010
In base 5, what is 3 - -143?
201
In base 2, what is -1101 - -1010?
-11
In base 4, what is -22120 - 3?
-22123
In base 9, what is 2 - 2605?
-2603
In base 5, what is -1 - -2?
1
In base 10, what is -283 - -1?
-282
In base 8, what is -145 + 6?
-137
In base 15, what is 91 - 1?
90
In base 3, what is -120 - -122?
2
In base 3, what is 211122 - 121?
211001
In base 9, what is -14 + -117?
-132
In base 15, what is -24 - 13?
-37
In base 13, what is -5 + b1?
a9
In base 3, what is 1 - -20110?
20111
In base 2, what is -1 - -101111?
101110
In base 14, what is 62 + -b?
55
In base 4, what is -10 + -222233?
-222303
In base 14, what is 1b - -9?
26
In base 15, what is 5 + 4e?
54
In base 9, what is -67 - -45?
-22